 remainder when 1639 is divided by 233.
8
What is the remainder when 2016470 is divided by 79?
74
What is the remainder when 1661218 is divided by 33?
31
What is the remainder when 1232 is divided by 325?
257
Calculate the remainder when 128201 is divided by 25639.
6
Calculate the remainder when 2395 is divided by 93.
70
Calculate the remainder when 4166 is divided by 219.
5
Calculate the remainder when 4540 is divided by 31.
14
Calculate the remainder when 680613 is divided by 27.
24
Calculate the remainder when 30374 is divided by 5.
4
Calculate the remainder when 17083 is divided by 8536.
11
What is the remainder when 77397 is divided by 291?
282
Calculate the remainder when 11775 is divided by 166.
155
Calculate the remainder when 5509 is divided by 500.
9
What is the remainder when 3378 is divided by 113?
101
Calculate the remainder when 8491 is divided by 60.
31
What is the remainder when 4262 is divided by 261?
86
What is the remainder when 86075 is divided by 386?
383
What is the remainder when 15132 is divided by 1013?
950
What is the remainder when 1446 is divided by 976?
470
What is the remainder when 52317 is divided by 8718?
9
What is the remainder when 327327 is divided by 77?
0
Calculate the remainder when 1304 is divided by 110.
94
Calculate the remainder when 8922 is divided by 2228.
10
Calculate the remainder when 10349 is divided by 796.
1
What is the remainder when 14631 is divided by 3?
0
Calculate the remainder when 4549 is divided by 747.
67
What is the remainder when 51080 is divided by 473?
469
Calculate the remainder when 1483 is divided by 331.
159
Calculate the remainder when 226808 is divided by 492.
488
Calculate the remainder when 9908 is divided by 3286.
50
What is the remainder when 74673 is divided by 508?
505
Calculate the remainder when 760800 is divided by 7.
5
What is the remainder when 11653 is divided by 83?
33
What is the remainder when 29183 is divided by 7293?
11
What is the remainder when 404696 is divided by 134886?
38
Calculate the remainder when 137369 is divided by 32.
25
Calculate the remainder when 54829 is divided by 18219.
172
Calculate the remainder when 8591 is divided by 24.
23
Calculate the remainder when 53777 is divided by 22.
9
Calculate the remainder when 23665 is divided by 1128.
1105
What is the remainder when 734 is divided by 233?
35
What is the remainder when 16925 is divided by 676?
25
Calculate the remainder when 5041 is divided by 1002.
31
What is the remainder when 1655 is divided by 339?
299
What is the remainder when 15236 is divided by 166?
130
Calculate the remainder when 4291 is divided by 627.
529
What is the remainder when 46670 is divided by 2?
0
Calculate the remainder when 6967 is divided by 519.
220
Calculate the remainder when 1334899 is divided by 70.
69
What is the remainder when 12201 is divided by 108?
105
What is the remainder when 270125 is divided by 119?
114
What is the remainder when 39213 is divided by 19585?
43
Calculate the remainder when 2580 is divided by 360.
60
What is the remainder when 275277 is divided by 12?
9
What is the remainder when 4089 is divided by 1098?
795
Calculate the remainder when 7911 is divided by 443.
380
What is the remainder when 1196 is divided by 1174?
22
Calculate the remainder when 311908 is divided by 554.
6
Calculate the remainder when 22749 is divided by 253.
232
What is the remainder when 27615 is divided by 3450?
15
Calculate the remainder when 16567 is divided by 169.
5
Calculate the remainder when 1632 is divided by 186.
144
What is the remainder when 13461 is divided by 6729?
3
Calculate the remainder when 25655 is divided by 1280.
55
Calculate the remainder when 11275 is divided by 535.
40
Calculate the remainder when 599412 is divided by 172.
164
What is the remainder when 37357 is divided by 1612?
281
What is the remainder when 6361 is divided by 2074?
139
What is the remainder when 31734 is divided by 10201?
1131
What is the remainder when 154539 is divided by 936?
99
What is the remainder when 2929 is divided by 108?
13
What is the remainder when 114447 is divided by 622?
621
What is the remainder when 36063 is divided by 487?
25
What is the remainder when 932 is divided by 533?
399
What is the remainder when 581012 is divided by 16?
4
Calculate the remainder when 9408 is divided by 57.
3
What is the remainder when 6944941 is divided by 23?
22
What is the remainder when 322026 is divided by 742?
740
What is the remainder when 11465 is divided by 5717?
31
Calculate the remainder when 1240 is divided by 1229.
11
Calculate the remainder when 119831 is divided by 1712.
1703
Calculate the remainder when 166151 is divided by 172.
171
Calculate the remainder when 203053 is divided by 592.
589
Calculate the remainder when 43794 is divided by 365.
359
What is the remainder when 56684 is divided by 56677?
7
What is the remainder when 11079 is divided by 1230?
9
What is the remainder when 16907 is divided by 16833?
74
What is the remainder when 2814 is divided by 177?
159
Calculate the remainder when 2135 is divided by 245.
175
Calculate the remainder when 37831 is divided by 1576.
7
What is the remainder when 9022 is divided by 176?
46
What is the remainder when 1886739 is divided by 66?
63
Calculate the remainder when 1904 is divided by 90.
14
Calculate the remainder when 1380 is divided by 353.
321
What is the remainder when 1690 is divided by 49?
24
What is the remainder when 36459 is divided by 18214?
31
Calculate the remainder when 9063 is divided by 15.
3
What is the remainder when 623866 is divided by 84?
82
Calculate the remainder when 71768 is divided by 5515.
73
What is the remainder when 2837 is divided by 238?
219
What is the remainder when 128624 is divided by 25?
24
What is the remainder when 16633 is divided by 104?
97
Calculate the remainder when 29358 is divided by 554.
550
What is the remainder when 39010 is divided by 239?
53
What is the remainder when 690 is divided by 64?
50
Calculate the remainder when 3463 is divided by 346.
3
Calculate the remainder when 186 is divided by 154.
32
Calculate the remainder when 5693 is divided by 113.
43
Calculate the remainder when 2059 is divided by 876.
307
What is the remainder when 1224 is divided by 302?
16
Calculate the remainder when 1764 is divided by 22.
4
Calculate the remainder when 1241204 is divided by 35.
34
What is the remainder when 7497 is divided by 896?
329
Calculate the remainder when 31669 is divided by 7916.
5
Calculate the remainder when 8921 is divided by 175.
171
Calculate the remainder when 3880 is divided by 335.
195
What is the remainder when 182023 is divided by 182020?
3
What is the remainder when 10985 is divided by 370?
255
What is the remainder when 3961 is divided by 142?
127
What is the remainder when 4929 is divided by 4891?
38
What is the remainder when 505 is divided by 29?
12
What is the remainder when 461060 is divided by 8?
4
What is the remainder when 216014 is divided by 26?
6
What is the remainder when 84530 is divided by 42170?
190
What is the remainder when 723689 is divided by 73?
40
Calculate the remainder when 30454 is divided by 216.
214
What is the remainder when 4350 is divided by 4122?
228
What is the remainder when 45196 is divided by 18?
16
What is the remainder when 43011 is divided by 42974?
37
Calculate the remainder when 3684 is divided by 9.
3
What is the remainder when 29758 is divided by 124?
122
Calculate the remainder when 1375 is divided by 193.
24
Calculate the remainder when 32301 is divided by 1782.
225
What is the remainder when 111139 is divided by 233?
231
What is the remainder when 29285 is divided by 236?
21
Calculate the remainder when 879271 is divided by 175854.
1
Calculate the remainder when 225748 is divided by 21.
19
Calculate the remainder when 2494 is divided by 227.
224
Calculate the remainder when 568628 is divided by 67.
66
What is the remainder when 112728 is divided by 187?
154
Calculate the remainder when 70 is divided by 4.
2
What is the remainder when 280427 is divided by 154?
147
What is the remainder when 1402 is divided by 505?
392
Calculate the remainder when 30044 is divided by 653.
6
What is the remainder when 437840 is divided by 56?
32
What is the remainder when 33